me number?
True
Let u be 1*3 - (0 + 0). Suppose 0 - 21 = -l + 3*g, -5*l + u*g + 165 = 0. Suppose -5*w + l = a, 3*w - 3*a = -w + 25. Is w composite?
False
Suppose 5*z = 5*h - 20, 5*z - 12 = 3*h - 6*h. Let n = h - 1. Suppose -n*o + 5*o + l - 161 = 0, 5*o + 4*l - 407 = 0. Is o a composite number?
False
Let j = -45 + 80. Is j prime?
False
Let z(x) = -43*x + 2. Let o be z(-3). Let d = 102 + o. Suppose -u - 4*v + 20 = -55, 3*u = -4*v + d. Is u a composite number?
False
Suppose 0 = 5*i + 12 - 37. Is 264/i + (-5)/(-25) a prime number?
True
Let u be (-2)/2 - (24 - 11). Let x = u - -10. Is (x/(-6))/(5/285) composite?
True
Let o(s) = 7*s - 7. Let j be (-4)/(3/(-18)*4). Is o(j) a prime number?
False
Let n = -70 - 9. Let x = 116 + n. Is x a composite number?
False
Let f = 2 + 3. Suppose v - f*v = -992. Is v/3 - (-2)/6 a composite number?
False
Let v(m) = -m**3 + 5*m**2 - 4*m + 4. Suppose 0 = x - 11 + 3. Let p be v(x). Let b = p - -347. Is b a composite number?
False
Let r(w) be the third derivative of 11*w**5/60 + w**4/6 - 5*w**3/6 - 5*w**2. Is r(4) a composite number?
True
Let l = 680 + -477. Is l composite?
True
Suppose 2*h - 12 + 4 = 0. Suppose h*k - 2*t - 583 = 729, 0 = k - 5*t - 346. Is k prime?
False
Suppose 278 + 196 = 3*h. Is h a prime number?
False
Let w be -5*(3/3 + -2). Let p = 10 - w. Is 526/10 + 2/p a prime number?
True
Let f be 4/14 - 48/(-28). Suppose -3*a + 335 = f*a. Is a a prime number?
True
Let l(v) = -6*v - 1. Let k(g) = -13*g - 2. Let y(f) = 2*k(f) - 5*l(f). Suppose 0*x + 5*x - d - 5 = 0, -3*x + 3*d = 9. Is y(x) composite?
True
Let k(h) = 0*h + 1 + 0*h + 10*h**2 - 4*h**2. Is k(3) a composite number?
True
Let q = 7 - 4. Suppose -o + 64 + q = 0. Is o prime?
True
Suppose -3*b - l + 17906 = 0, 0 = 2*b - b + 3*l - 5966. Is b composite?
True
Let k = -54 + 101. Is k composite?
False
Is 2374/30 - 8*2/120 composite?
False
Is (-3)/18*-993*6 prime?
False
Let w = 21 - 30. Let y be -3 + 4/2 + w. Is (-19)/(-2)*y/(-1) prime?
False
Suppose -8*y + 160 + 112 = 0. Is y composite?
True
Let u(g) = g**3 - 11. Let v be u(-5). Let l = v - -219. Is l a composite number?
False
Let k = 35 - -49. Suppose 21 = -b - k. Let v = -62 - b. Is v composite?
False
Let b = 23 + -26. Is 89/(-3 - 12/b) prime?
True
Let x(k) be the third derivative of -k**6/60 - k**5/30 + k**4/24 + k**3/6 - 2*k**2. Is x(-2) prime?
True
Let r(q) be the second derivative of -q**5/20 + q**4/3 + q**3 - q**2/2 + q. Let m be r(5). Suppose k + 5*v = -2*k + 132, -5*k = m*v - 207. Is k a prime number?
False
Is -3*((-938)/(-6))/(-7) prime?
True
Let p be 3502/7 - 2/7. Suppose 4*q + p = 2*h, -7*q = -2*q - 5. Suppose h = 5*j - 43. Is j a prime number?
True
Let c(x) = 26*x**2 - 3*x + 9. Is c(10) a prime number?
True
Suppose -c - 3*f + 1706 - 76 = 0, -3*c + 4*f = -4851. Is c composite?
False
Let d(h) = h**3 - 9*h**2 - 10*h + 2. Let r be d(10). Let y(m) = 3*m**3 - 2*m**2 - 2. Is y(r) a prime number?
False
Let h(c) = 314*c. Let m be h(1). Suppose -z + 3*z - m = -2*i, 3*z = 0. Is i a composite number?
False
Suppose 0 = 3*i - 2*u, -11 = -i - 0*i - 3*u. Suppose i*r = 6*r - 12. Is r a composite number?
False
Suppose 4*f + 14 - 6 = 0. Is (f/(-6))/((-4)/(-2820)) prime?
False
Suppose 2*h + 715 = 7*h. Let x = -96 + h. Is x a composite number?
False
Suppose 4*u - u - 2*h + 270 = 0, 5*u + 452 = 4*h. Let x = 27 - u. Is x composite?
True
Let r(n) = -7*n**3 + 2*n - 1. Let v be r(1). Let h be 0*(1 + v/4). Is 163 + h/3 - 2 composite?
True
Suppose -2*l - 943 + 163 = 0. Let n = l - -569. Is n a prime number?
True
Suppose -b - 4*q - 649 = 2*b, 5*b - 2*q + 1125 = 0. Let p = b + 488. Is -4*(p/4)/(-5) prime?
True
Suppose 4*i - 5 = 3*b, -3*b = -19 + 4. Suppose -5*l = 3*o - 244, l - 4*l = i*o - 412. Is o a composite number?
False
Let z(g) = 2*g**2 - 21*g + 23. Suppose 48 = 2*s + 3*j, -2*s - j + 40 = -0. Is z(s) prime?
True
Suppose -56*j + 4685 = -51*j. Is j prime?
True
Suppose 0*b - 16 = -2*b - 2*q, 3*b - 5*q = -16. Suppose 0 = 3*p + b*v + 3 - 0, -3*p - 2*v + 1 = 0. Is -2 + (40 - 9/p) prime?
False
Is 2/(-4) + (-766)/(-4) a prime number?
True
Is 23/2*(0 + 2) composite?
False
Let p(k) = -k**3 + 7*k**2 + 2*k - 6. Let x be p(7). Is (2 - 0)*148/x a composite number?
False
Let d(m) = m + 3. Let n be d(0). Suppose 2*w - 1 = n. Suppose 104 + 4 = 5*v - 2*y, -5*y + 49 = w*v. Is v a prime number?
False
Let p = 620 + -437. Is p a prime number?
False
Let x be 2*(-1 - (3 + 39)). Let b be 3 - 5 - (2 + 149). Let y = x - b. Is y a prime number?
True
Suppose -2*o + 210 = -152. Suppose 0 = 3*s + 4 - o. Suppose 3*c = -2 + s. Is c prime?
True
Suppose 10 = 4*d - 2*d. Suppose 5*v + 10 = 5*u, v + 17 = d*u + 3. Suppose -307 - 168 = -u*h - m, -5*h = 4*m - 801. Is h composite?
False
Let u be (-14)/(-5) + (-1)/(-5). Let v be (6/4)/(u/4). Let y(i) = 24*i - 1. Is y(v) a composite number?
False
Let c = -9 + 11. Suppose k - 2 = 0, -k + c*k = 5*y - 63. Is y a composite number?
False
Let u be 9/6 + (-185)/(-10). Suppose -5*n - u = -7*n. Is n a composite number?
True
Suppose -4*f + 8 = -0. Let n = f + 3. Suppose n*j - 42 = 2*j. Is j prime?
False
Let n(b) = 2*b + 12. Let k be n(-8). Let s = 4 - k. Is (-111)/(-2)*s/12 prime?
True
Is ((-5)/2)/(6/(-996)) prime?
False
Suppose 2*z + 4*u - 98 = 70, -348 = -4*z - 5*u. Let t = 147 - z. Is t prime?
False
Let w(m) = m**3 - 6*m**2 + 8*m - 2. Is w(7) a prime number?
True
Let y be ((3 - 2) + 1)*4. Let x be (-10)/y - (-2)/8. Let s(b) = 56*b**2 + b. Is s(x) composite?
True
Suppose 52*u = 47*u + 265. Is u a composite number?
False
Let g(x) be the third derivative of 1/120*x**6 - 3*x**2 - 1/60*x**5 + 0*x + 7/6*x**3 + 0 - 1/24*x**4. Is g(0) a prime number?
True
Let a(k) = -k - 1. Let s(d) = -109*d - 6. Let o(t) = -3*a(t) + s(t). Is o(-2) prime?
False
Suppose -5*v - 7960 = -5*w, -4*w - 2*v - 2*v = -6408. Is w composite?
False
Suppose -2*a + 4*j - 14 = 0, -10 = 2*a - 0*a - 3*j. Is (3 - (3 + a))*-211 prime?
True
Suppose t + 40 = -0*t. Let o = 59 + t. Is o a prime number?
True
Let q(v) = v. Let l be q(2). Let i be 3/l*-2 + -2. Let y(j) = -14*j - 3. Is y(i) prime?
True
Suppose -148 = -3*c + 11. Is c a prime number?
True
Suppose -3*l + 4*y - 3 = 0, -2*y = -3*y + 3. Let o(b) = 32*b**3 - b**2 - b + 1. Is o(l) prime?
True
Is (-3)/1*(-595)/15 a composite number?
True
Let x be (1/2)/((-4)/(-112)). Let t be x/(-1)*11/(-2). Let w = t - -2. Is w a prime number?
True
Let k(u) = -422*u - 1. Let n(h) be the first derivative of -h**2/2 - 1. Let b(s) = k(s) - 2*n(s). Is b(-1) a composite number?
False
Let x(z) = z**2 + 2*z - 3. Suppose 0 = 3*w + 2*j - 12 + 4, -3*w + 5*j = -1. Let k be x(w). Suppose 176 - 6 = k*f. Is f composite?
True
Let b be 93 - (-5)/(15/(-12)). Let d be (-26)/(-3)*174/4. Suppose b + d = 2*w. Is w prime?
True
Let m be 4/6 + (-529)/(-3). Let g = -16 + m. Is g prime?
False
Let u = -4 + 3. Let m be (-94)/(-8)*(u + 13). Suppose 2*q + m = 5*q. Is q a composite number?
False
Let m(d) = -34*d - 3. Is m(-10) composite?
False
Suppose -5*s + 2 = -13. Suppose -16 = -o + s*w, 2*w = o + 1 - 13. Suppose -o*p - 5*y = -22 - 34, 5*p - y = 70. Is p a composite number?
True
Let w(a) = a**3 + 15*a**2 + 13*a + 1. Suppose -2*r + 0*r = 28. Is w(r) a composite number?
True
Let t be (-612)/10*(-35)/14. Let b = 9 + 17. Suppose -b + t = m. Is m prime?
True
Let h = -1547 - -2634. Is h a composite number?
False
Suppose -3*l - 5 = 19. Let y be ((-4)/l)/(1/4). Suppose g = 5*b - 2*g - 280, -y*g + 202 = 4*b. Is b composite?
False
Let f be 1*(-2)/(2/7). Let g(o) = -o. Let k(l) = -10*l - 10. Let u(i) = -g(i) + k(i). Is u(f) composite?
False
Let p = -7 - -5. Is (-27)/p + (-3)/6 a composite number?
False
Let r(m) = -6*m**2 - 2*m + 2. Let a be r(1). Let o(p) = -42*p - 1. Is o(a) a prime number?
True
Suppose 3*b + 874 = 3*s - 674, -5*s = 4*b - 2589. Is s composite?
True
Let m = -3 + 8. Suppose m*o + 4*k + 0 = -10, 4 = -2*o + 5*k. Is (-13)/o + (-1)/2 a prime number?
False
Suppose -3*x - 77 = -23. Is ((-132)/x)/(2/15) composite?
True
Let r(f) = -2*f**3 - 5*f**2 + 7. Is r(-6) composite?
True
Is (9/3)/((-3514)/(-3508) + -1) composite?
True
Let g = 6 + -1. Suppose o = g*o. Is ((-5)/3 + o)*-33 prime?
False
Let l(f) = 3*f**2 - 5*f + 5. Is l(5) a composite number?
True
Suppose -525 = -p + 3*m + 2170, -5358 = -2*p - 2*m. Is p prime?
True
Let f(i) be the first derivative of i**3